8782.
13
Calculate the highest common divisor of 83171 and 11.
11
Calculate the greatest common factor of 19211 and 2.
1
What is the highest common factor of 111169 and 38?
19
Calculate the greatest common divisor of 190 and 1786.
38
Calculate the highest common divisor of 36 and 443691.
9
What is the greatest common factor of 42666 and 624?
78
Calculate the highest common divisor of 868 and 580444.
124
What is the highest common factor of 115992 and 369?
9
What is the greatest common divisor of 864 and 3264?
96
Calculate the highest common factor of 54 and 22428.
18
What is the highest common divisor of 2793 and 101577?
147
Calculate the greatest common divisor of 260 and 33340.
20
Calculate the greatest common divisor of 364 and 25688.
52
What is the highest common factor of 603 and 2144?
67
Calculate the greatest common factor of 111120 and 100.
20
What is the greatest common factor of 8205 and 180?
15
Calculate the highest common divisor of 1656 and 270756.
828
What is the greatest common factor of 792 and 1021284?
396
What is the greatest common factor of 5239 and 33631?
169
What is the greatest common factor of 3667 and 27985?
193
What is the greatest common factor of 417 and 69500?
139
What is the highest common factor of 30 and 206670?
30
What is the highest common divisor of 1477 and 84?
7
What is the highest common factor of 2008 and 4112?
8
Calculate the greatest common divisor of 161460 and 368.
92
What is the greatest common divisor of 92 and 551402?
46
What is the greatest common divisor of 13260 and 102323?
221
Calculate the greatest common factor of 264389 and 17037.
631
What is the greatest common divisor of 403 and 144677?
403
What is the highest common factor of 36000 and 6600?
600
Calculate the greatest common divisor of 833 and 6229174.
833
Calculate the highest common factor of 775080 and 3240.
360
Calculate the greatest common divisor of 25102 and 169846.
326
What is the highest common factor of 472030 and 338?
26
What is the highest common divisor of 45501 and 522?
87
Calculate the highest common factor of 680 and 53380.
340
What is the highest common factor of 169 and 69615?
13
What is the greatest common divisor of 883759 and 398?
199
What is the highest common factor of 105 and 757197?
21
Calculate the greatest common factor of 24930 and 90.
90
What is the highest common factor of 424 and 853247?
53
Calculate the highest common factor of 5339 and 20513.
281
What is the greatest common factor of 314 and 74?
2
What is the highest common divisor of 200 and 2680?
40
Calculate the greatest common divisor of 6286 and 1274.
14
Calculate the highest common factor of 1038140 and 20.
20
Calculate the highest common divisor of 45 and 38345.
5
Calculate the highest common factor of 3116 and 17876.
164
What is the greatest common divisor of 930 and 5970?
30
Calculate the highest common divisor of 73218 and 36.
6
What is the greatest common divisor of 67184 and 832?
208
Calculate the highest common factor of 234305 and 10.
5
What is the greatest common divisor of 60 and 361170?
30
What is the greatest common factor of 454840 and 20?
20
Calculate the highest common divisor of 6789 and 1023.
93
Calculate the highest common factor of 2263 and 53878.
31
Calculate the greatest common factor of 1275 and 5625.
75
What is the highest common factor of 2623 and 301?
43
What is the greatest common divisor of 5875 and 329?
47
Calculate the greatest common divisor of 598 and 78.
26
Calculate the highest common factor of 18 and 118.
2
What is the greatest common divisor of 248 and 78182?
62
Calculate the greatest common divisor of 2604224 and 448.
448
Calculate the highest common factor of 35724 and 234.
78
What is the greatest common divisor of 133952 and 32?
32
Calculate the greatest common factor of 1816140 and 120.
60
Calculate the highest common divisor of 57799 and 1449.
161
Calculate the highest common divisor of 42840 and 8055.
45
Calculate the greatest common factor of 5790 and 70.
10
What is the greatest common factor of 471 and 237?
3
Calculate the highest common divisor of 4082 and 208.
26
What is the highest common divisor of 18948 and 120?
12
What is the highest common factor of 636 and 21048?
12
What is the greatest common factor of 24 and 40668?
12
What is the highest common factor of 1435582 and 68?
34
What is the highest common divisor of 262 and 1322?
2
Calculate the greatest common factor of 1613901 and 639.
213
Calculate the greatest common divisor of 158178 and 7134.
246
Calculate the highest common divisor of 17114 and 3698.
86
Calculate the highest common factor of 688 and 626.
2
Calculate the highest common factor of 4928 and 209.
11
Calculate the greatest common factor of 217896 and 42.
42
Calculate the greatest common divisor of 903 and 4311.
3
What is the highest common divisor of 19022 and 2?
2
Calculate the greatest common divisor of 48 and 98232.
24
What is the greatest common factor of 13728 and 3068?
52
What is the greatest common factor of 146 and 207101?
73
Calculate the highest common divisor of 5875146 and 18.
18
Calculate the greatest common factor of 60909 and 28677.
237
Calculate the greatest common factor of 53 and 478431.
53
What is the greatest common factor of 98555 and 92?
23
What is the highest common divisor of 243 and 5679?
9
What is the highest common factor of 6736 and 184?
8
Calculate the highest common factor of 11843 and 264190.
911
Calculate the highest common factor of 35979 and 5907.
537
What is the greatest common factor of 2872 and 9832?
8
Calculate the greatest common factor of 1887 and 377043.
51
Calculate the greatest common factor of 378 and 549528.
42
What is the highest common factor of 128 and 25016?
8
What is the greatest common divisor of 576 and 10665?
9
What is the greatest common factor of 206 and 64375?
103
Calculate the greatest common divisor of 176137 and 221.
221
What is the highest common factor of 25179 and 7392?
231
Calculate the greatest common factor of 160 and 93820.
20
Calculate the greatest common factor of 5310 and 2304.
18
Calculate the greatest common divisor of 82627 and 106.
53
What is the greatest common factor of 188 and 1779796?
188
What is the greatest common divisor of 160 and 8040?
40
Calculate the highest common factor of 4 and 14793.
1
Calculate the greatest common factor of 57694 and 29029.
91
Calculate the highest common factor of 60 and 20145.
15
What is the greatest common factor of 1890 and 429786?
378
What is the greatest common divisor of 838761 and 99?
33
What is the greatest common factor of 702 and 18954?
702
Calculate the highest common divisor of 348136 and 184.
8
Calculate the highest common factor of 5166 and 9409869.
2583
What is the greatest common divisor of 4550 and 9035?
65
What is the highest common factor of 15993 and 9?
9
Calculate the highest common factor of 5117 and 41839.
301
What is the highest common factor of 2235 and 38144?
149
What is the greatest common divisor of 7600 and 60?
20
What is the highest common factor of 2 and 134?
2
Calculate the greatest common factor of 344 and 108360.
344
What is the highest common divisor of 1015 and 2980?
5
Calculate the greatest common divisor of 105068 and 20.
4
What is the greatest common factor of 9482007 and 19?
19
Calculate the highest common divisor of 1218 and 310938.
174
Calculate the highest common factor of 38 and 1010.
2
What is the highest common factor of 60 and 80616?
12
Calculate the highest common divisor of 476 and 602056.
28
What is the greatest common factor of 2075931 and 1287?
1287
What is the highest common factor of 56 and 222208?
56
What is the highest common factor of 27 and 32787?
9
Calculate the highest common factor of 819 and 6461.
91
What is the greatest common divisor of 203 and 32219?
29
Calculate the greatest common divisor of 96 and 1844.
4
Calculate the highest common factor of 48 and 6828.
12
What is the highest common divisor of 320 and 2855360?
320
Calculate the highest common factor of 40 and 5120840.
40
What is the highest common divisor of 1284 and 30281?
107
Calculate the highest common divisor of 94931 and 2478.
59
Calculate the highest common factor of 1062 and 10502.
118
Calculate the highest common divisor of 8152 and 440.
8
What is 